 highest common divisor of 4 and 128?
4
What is the highest common divisor of 12 and 852?
12
What is the greatest common factor of 22 and 88?
22
What is the greatest common factor of 472 and 56?
8
Calculate the highest common factor of 10 and 2830.
10
Calculate the highest common factor of 2321 and 121.
11
Calculate the greatest common factor of 840 and 525.
105
Calculate the greatest common factor of 3 and 1731.
3
Calculate the greatest common factor of 26918 and 430.
86
What is the greatest common factor of 385 and 9317?
77
Calculate the highest common divisor of 894 and 24.
6
What is the greatest common divisor of 5856 and 183?
183
Calculate the greatest common factor of 358 and 10919.
179
Calculate the greatest common divisor of 621 and 12.
3
What is the greatest common factor of 2528 and 160?
32
Calculate the greatest common divisor of 32 and 352.
32
What is the greatest common factor of 13 and 31?
1
Calculate the greatest common divisor of 140 and 340.
20
What is the highest common factor of 64 and 112?
16
What is the highest common factor of 786 and 6?
6
Calculate the greatest common factor of 6896 and 16.
16
What is the highest common divisor of 6 and 40?
2
What is the highest common divisor of 555 and 20165?
185
What is the highest common factor of 342 and 9?
9
What is the highest common divisor of 24 and 32?
8
What is the highest common divisor of 41 and 164?
41
Calculate the highest common divisor of 1216 and 57.
19
What is the greatest common divisor of 227 and 1?
1
Calculate the highest common factor of 5032 and 272.
136
Calculate the greatest common factor of 22 and 6754.
22
Calculate the greatest common factor of 882 and 567.
63
What is the highest common factor of 86 and 731?
43
Calculate the greatest common factor of 46 and 292.
2
What is the greatest common factor of 1919 and 304?
19
What is the highest common divisor of 20 and 18630?
10
What is the greatest common divisor of 24 and 5592?
24
What is the highest common divisor of 102554 and 94?
94
What is the highest common divisor of 468 and 65?
13
Calculate the greatest common divisor of 44 and 77.
11
What is the greatest common divisor of 2489 and 1179?
131
Calculate the greatest common divisor of 68 and 238.
34
What is the highest common divisor of 24 and 1616?
8
What is the highest common divisor of 72 and 12?
12
What is the greatest common divisor of 3507 and 273?
21
What is the greatest common factor of 774 and 18?
18
Calculate the highest common factor of 138 and 897.
69
What is the highest common factor of 150 and 860?
10
Calculate the highest common divisor of 9412 and 905.
181
What is the greatest common factor of 72 and 90?
18
What is the highest common divisor of 340 and 1292?
68
What is the highest common factor of 25 and 150?
25
Calculate the highest common divisor of 38 and 152.
38
Calculate the highest common factor of 21098 and 1096.
274
Calculate the highest common divisor of 2716 and 28.
28
Calculate the greatest common divisor of 1740 and 87.
87
Calculate the greatest common factor of 9773 and 4381.
337
What is the greatest common factor of 288 and 18?
18
What is the greatest common factor of 400 and 1350?
50
Calculate the greatest common factor of 29 and 493.
29
Calculate the greatest common divisor of 152 and 15409.
19
Calculate the highest common factor of 172 and 473.
43
What is the greatest common divisor of 490 and 196?
98
Calculate the greatest common factor of 55 and 869.
11
Calculate the highest common divisor of 684 and 76.
76
What is the greatest common divisor of 416 and 32?
32
Calculate the highest common divisor of 18 and 27.
9
Calculate the highest common divisor of 76 and 418.
38
What is the highest common factor of 28 and 252?
28
Calculate the highest common divisor of 78 and 273.
39
What is the highest common factor of 5185 and 170?
85
Calculate the highest common factor of 40 and 544.
8
What is the greatest common divisor of 6 and 2601?
3
What is the highest common factor of 176 and 616?
88
What is the highest common factor of 1 and 413?
1
Calculate the highest common factor of 1215 and 36.
9
What is the greatest common factor of 17 and 1751?
17
What is the greatest common factor of 496 and 8804?
124
Calculate the greatest common factor of 330 and 792.
66
What is the greatest common factor of 105 and 504?
21
What is the highest common divisor of 110 and 125?
5
What is the highest common factor of 87 and 3?
3
What is the highest common factor of 702 and 3978?
234
What is the greatest common divisor of 97 and 194?
97
Calculate the highest common divisor of 38 and 589.
19
Calculate the greatest common factor of 44 and 704.
44
What is the greatest common factor of 1157 and 13?
13
Calculate the greatest common divisor of 12 and 1.
1
Calculate the greatest common divisor of 432 and 72.
72
What is the greatest common divisor of 55 and 85?
5
What is the highest common divisor of 170 and 4?
2
What is the greatest common factor of 325 and 1313?
13
Calculate the greatest common factor of 16 and 376.
8
What is the greatest common divisor of 60 and 740?
20
What is the greatest common divisor of 4293 and 212?
53
What is the greatest common factor of 2 and 226?
2
Calculate the greatest common factor of 11 and 5.
1
Calculate the highest common divisor of 415 and 245.
5
Calculate the highest common factor of 5334 and 14.
14
Calculate the greatest common factor of 402 and 670.
134
What is the highest common divisor of 408 and 72?
24
Calculate the greatest common divisor of 80 and 30.
10
What is the highest common factor of 2249 and 52?
13
Calculate the highest common divisor of 117 and 26.
13
What is the greatest common divisor of 216 and 120?
24
What is the greatest common factor of 210 and 120?
30
Calculate the highest common divisor of 1102 and 58.
58
Calculate the greatest common divisor of 66 and 88.
22
Calculate the greatest common factor of 57 and 3648.
57
What is the greatest common factor of 286 and 442?
26
Calculate the highest common factor of 17 and 89471.
17
Calculate the greatest common divisor of 198 and 27.
9
Calculate the greatest common divisor of 8 and 7.
1
What is the greatest common factor of 4776 and 132?
12
Calculate the greatest common factor of 112 and 8176.
112
Calculate the highest common factor of 3321 and 162.
81
Calculate the highest common factor of 3038 and 294.
98
Calculate the greatest common divisor of 4977 and 3081.
237
Calculate the greatest common factor of 1 and 124.
1
What is the greatest common factor of 1312 and 32?
32
What is the greatest common factor of 540 and 36?
36
Calculate the highest common divisor of 182 and 6734.
182
What is the greatest common factor of 19 and 779?
19
What is the highest common divisor of 5 and 8?
1
What is the greatest common factor of 192 and 128?
64
Calculate the greatest common factor of 756 and 24.
12
Calculate the greatest common divisor of 65 and 26.
13
Calculate the greatest common factor of 225 and 13850.
25
Calculate the greatest common factor of 208 and 272.
16
Calculate the highest common factor of 11 and 539.
11
Calculate the greatest common divisor of 3157 and 154.
77
Calculate the highest common factor of 95 and 20.
5
Calculate the highest common divisor of 30 and 6.
6
What is the greatest common divisor of 12 and 156?
12
Calculate the highest common divisor of 384 and 864.
96
Calculate the highest common divisor of 2695 and 35.
35
What is the greatest common factor of 75 and 25925?
25
Calculate the greatest common factor of 240 and 45.
15
What is the greatest common factor of 192 and 16464?
48
What is the highest common divisor of 3885 and 210?
105
What is the greatest common divisor of 987 and 8554?
329
Calculate the highest common divisor of 49 and 28.
7
What is the greatest common factor of 17 and 2669?
17
What is the greatest common divisor of 71 and 20235?
71
What is the greatest common factor of 94 and 423?
47
What is the greatest common divisor of 688 and 129?
43
What is the greatest common divisor of 2134 and 44?
22
Calculate the greatest common divisor of 234 and 286.
26
What is the highest common factor of 5490 and 450?
90
What is the greatest common factor of 270 and 162?
54
What is the greatest common factor of 33 and 3993?
33
What is the highest common